e prime factors of 1179047926?
2, 7, 19, 809, 5479
List the prime factors of 240148567.
240148567
What are the prime factors of 302998845?
3, 5, 20199923
What are the prime factors of 2402645037?
3, 13, 17, 3623899
What are the prime factors of 880662813?
3, 293554271
List the prime factors of 954015842.
2, 13, 29, 1265273
List the prime factors of 552604701.
3, 11, 757, 2011
What are the prime factors of 102374324?
2, 13, 73, 149, 181
What are the prime factors of 497196587?
497196587
What are the prime factors of 234410498?
2, 7, 16743607
What are the prime factors of 948024367?
11437, 82891
List the prime factors of 74615514.
2, 3, 109, 271, 421
What are the prime factors of 543820790?
2, 5, 54382079
What are the prime factors of 658146047?
13, 37, 1368287
What are the prime factors of 1012611103?
7, 17, 953, 8929
List the prime factors of 2853740.
2, 5, 97, 1471
What are the prime factors of 92937136?
2, 5808571
List the prime factors of 482709.
3, 160903
List the prime factors of 800531350.
2, 5, 16010627
What are the prime factors of 46401573?
3, 373, 41467
What are the prime factors of 335911862?
2, 11, 13, 157, 7481
What are the prime factors of 1752979797?
3, 194775533
List the prime factors of 83407516.
2, 47, 487, 911
What are the prime factors of 317196346?
2, 181, 876233
What are the prime factors of 969137302?
2, 7, 69224093
What are the prime factors of 4887567850?
2, 5, 11, 23, 386369
List the prime factors of 48278097.
3, 7, 691, 1109
List the prime factors of 1377745720.
2, 5, 13, 113, 23447
What are the prime factors of 166873279?
29, 31, 185621
List the prime factors of 3709661158.
2, 7, 9497, 27901
List the prime factors of 4734136.
2, 11, 23, 2339
List the prime factors of 22450644.
2, 3, 43, 14503
List the prime factors of 31644071.
883, 35837
What are the prime factors of 2885760414?
2, 3, 160320023
List the prime factors of 228903061.
23, 29, 43, 347
List the prime factors of 755204524.
2, 188801131
What are the prime factors of 653132794?
2, 23, 14198539
List the prime factors of 135104969.
73, 593, 3121
List the prime factors of 2341477344.
2, 3, 101, 241489
List the prime factors of 154348788.
2, 3, 11, 29, 61, 661
What are the prime factors of 7741396?
2, 13, 148873
List the prime factors of 1989846903.
3, 11, 60298391
What are the prime factors of 75334678?
2, 37667339
What are the prime factors of 1420126760?
2, 5, 13, 2731013
What are the prime factors of 124225533?
3, 113, 122149
List the prime factors of 294133011.
3, 113, 163, 5323
List the prime factors of 375922118.
2, 11, 13, 487, 2699
What are the prime factors of 44278436?
2, 19, 61, 9551
What are the prime factors of 112450127?
179, 628213
What are the prime factors of 1078316454?
2, 3, 29, 1451, 4271
What are the prime factors of 62131587?
3, 7, 2958647
List the prime factors of 142902936.
2, 3, 11, 47, 349
List the prime factors of 1457262886.
2, 728631443
What are the prime factors of 104204225?
5, 101, 41269
List the prime factors of 7450015942.
2, 71, 52464901
What are the prime factors of 174982356?
2, 3, 180023
What are the prime factors of 61752956?
2, 1747, 8837
List the prime factors of 1543888826.
2, 73, 1291, 8191
List the prime factors of 6982591.
7, 11, 29, 53, 59
What are the prime factors of 659564931?
3, 219854977
What are the prime factors of 53887817?
41, 32057
What are the prime factors of 1109222171?
17, 3838139
What are the prime factors of 471391694?
2, 29, 83, 181, 541
List the prime factors of 2512142213.
7, 89, 409, 9859
What are the prime factors of 114292861?
47, 2431763
List the prime factors of 3297990.
2, 3, 5, 47, 2339
What are the prime factors of 12332004?
2, 3, 17, 61, 991
What are the prime factors of 1583672339?
29, 967, 56473
List the prime factors of 127649300.
2, 5, 29, 44017
List the prime factors of 491990544.
2, 3, 1138867
What are the prime factors of 49288130?
2, 5, 751, 6563
List the prime factors of 3067031.
11, 103, 2707
List the prime factors of 1166644473.
3, 131, 823, 3607
What are the prime factors of 5165842205?
5, 23, 2389, 18803
List the prime factors of 58661006.
2, 1889, 15527
List the prime factors of 75155275.
5, 13, 71, 3257
What are the prime factors of 88265481?
3, 4079, 7213
What are the prime factors of 5430049269?
3, 8609, 210247
List the prime factors of 677562374.
2, 281, 1205627
List the prime factors of 99094579.
179, 553601
List the prime factors of 460370801.
11, 31, 1350061
List the prime factors of 46454648.
2, 103, 56377
List the prime factors of 1412191590.
2, 3, 5, 47073053
List the prime factors of 72252764.
2, 241, 311
List the prime factors of 3344417716.
2, 37, 610741
What are the prime factors of 45850450?
2, 5, 29, 103, 307
List the prime factors of 108509190.
2, 3, 5, 19, 190367
What are the prime factors of 1141400269?
1141400269
List the prime factors of 447669172.
2, 29, 47, 157, 523
List the prime factors of 76020670.
2, 5, 11, 62827
What are the prime factors of 2034303414?
2, 3, 11, 13, 2370983
What are the prime factors of 892582678?
2, 13, 34330103
List the prime factors of 87853365.
3, 5, 17, 41, 2801
What are the prime factors of 311044332?
2, 3, 3673, 7057
What are the prime factors of 66726386?
2, 659, 50627
What are the prime factors of 1230390785?
5, 13, 37, 431, 1187
What are the prime factors of 2555831786?
2, 1277915893
What are the prime factors of 101740375?
5, 11, 61, 1213
What are the prime factors of 71052148?
2, 17763037
What are the prime factors of 2149483086?
2, 3, 281, 424967
List the prime factors of 878479920.
2, 3, 5, 251, 4861
What are the prime factors of 125383855?
5, 1499, 16729
List the prime factors of 42759787.
7, 6108541
What are the prime factors of 352609822?
2, 176304911
List the prime factors of 38594441.
37, 53, 19681
What are the prime factors of 668569325?
5, 211, 126743
What are the prime factors of 4446477404?
2, 21121, 52631
List the prime factors of 11050263.
3, 7, 19489
What are the prime factors of 643823990?
2, 5, 64382399
List the prime factors of 827701845.
3, 5, 19, 2904217
What are the prime factors of 2547937343?
7, 363991049
List the prime factors of 3408536839.
17, 200502167
List the prime factors of 132092813.
132092813
List the prime factors of 33581730.
2, 3, 5, 7, 13, 12301
List the prime factors of 61338336.
2, 3, 31, 20611
What are the prime factors of 377967283?
31, 701, 17393
List the prime factors of 36184147.
3323, 10889
What are the prime factors of 229922206?
2, 10369, 11087
What are the prime factors of 96714559?
37, 53, 149, 331
List the prime factors of 6149008998.
2, 3, 11, 1229, 8423
What are the prime factors of 6934461436?
2, 7, 193, 967, 1327
What are the prime factors of 783415002?
2, 3, 6397, 20411
List the prime factors of 4064163155.
5, 13, 62525587
What are the prime factors of 7553477555?
5, 13, 116207347
What are the prime factors of 34060262?
2, 71, 131, 1831
What are the prime factors of 10831767?
3, 19, 190031
List the prime factors of 150124654.
2, 17, 4415431
What are the prime factors of 213534973?
2897, 73709
List the prime factors of 120342863.
89, 1352167
What are the prime factors of 16879152?
2, 3, 593
What are the prime factors of 40535771?
1709, 23719
What are the prime factors of 21688143?
3, 29, 89, 2801
List the prime factors of 2093071993.
113, 257, 72073
List the prime factors of 1131999530.
2, 5, 113199953
List the prime factors of 162952642.
2, 81476321
What are the prime factors of 192210219?
3, 7118897
List the prime factors of 570629186.
2, 443, 644051
What are the prime factors of 2490688402?
2, 83, 15004147
List the prime factors of 229809221.
157, 173, 8461
What are the prime factors of 17224992?
2, 3, 59809
List the prime factors of 16451124.
2, 3, 757, 1811
List the prime factors of 6305140716.
2, 3, 7, 31, 2421329
List the prime factors of 83305391.
13, 229, 27983
What are the prime factors of 390457615?
5, 17, 4593619
What are the prime factors of 914455459?
23, 39758933
What are the prime factors of 1128559323?
3, 67, 307, 18289
What are the prime factors of 416507597?
11, 149, 199, 1277
List the prime factors of 4476682082.
2, 5527, 404983
List the prime factors of 100740993.
3, 229, 146639
List the prime factors of 1094322390.
2, 3, 5, 7, 41, 67, 271